. Give t(m).
-17
Let u be (3/(-2))/(12/(-24))*1. Let o(m) = m**3 + m**2 + 5*m - m - u - 2*m - 4*m. Let x be 1 - -2*(-1 + (-2)/4). What is o(x)?
-3
Let x be 26 + -24 - -183*1. Let l = -201 + x. Let p(g) = -g**3 - 17*g**2 - 15*g + 17. What is p(l)?
1
Let n(p) = -p - 9. Suppose 5*g = -2*i - 48 - 8, 5*g = 13*i + 64. What is n(g)?
-1
Let l(z) = 3*z - 2. Suppose -2*m + 7*y + 6 = 5*y, -2*y = m - 9. Suppose -m*o + 280 = -45*o. Calculate l(o).
-23
Suppose -3*s = 14*u - 12*u + 47, u - s = -36. Let c(z) = -5*z**2 - 153*z + 59. Give c(u).
-3
Let q(n) = -n - 11. Let a(d) = -20*d**3 - 4*d**2 - 5*d + 12. Let b be a(3). Let l = b + 569. Determine q(l).
-1
Let z be 0/((-39)/156 - (33/12 - 1)). Let s(l) = 0*l**3 - 4*l**3 + 13 + l + 4*l**3 - l**3. Give s(z).
13
Let j(f) = f**3 + 1 + 2*f - f + f**2 - 2*f. Let z(o) = 4*o + 52. Let c(u) = 2*u + 25. Let a(x) = 13*c(x) - 6*z(x). Let k be a(-8). Calculate j(k).
-14
Let w(o) = -8736 - 16*o**2 + o**3 + 15*o**2 + 8716. Give w(-4).
-100
Let h = 2760 - 2781. Let p(r) = -4*r - 71. Determine p(h).
13
Let d(x) = -3*x + 127. Suppose 4*k + 9 = -2*r + 81, 5*r - 199 = 9*k. Determine d(r).
13
Let q(d) = -4*d**2 - 5*d**2 - 83*d**3 + 4*d + 82*d**3 - 32 + 10*d**2 + 10*d**2. Calculate q(11).
12
Let y(d) = -d + 15. Let g be (-32)/(8 + -4)*(-27)/(-4). Suppose -2*f + 8 = 0, 0 = 5*j - j + 5*f - 236. Let t = g + j. Calculate y(t).
15
Suppose 4*a + 34 = 2*h + 6, 5*h = -5*a + 40. Let m be 18/(-45) - (-34)/h. Let w be (m/2)/((-42)/(-140)). Let r(b) = b**3 - 5*b**2 + 6. Determine r(w).
6
Suppose 7*w = 9*w - 6. Suppose d + 4*y + 16 = 6*d, 7 = d + w*y. Suppose 2*p = 3*m - 8 - 1, d*m + 2*p = 26. Let j(a) = a**3 - 5*a**2 - 1. Determine j(m).
-1
Let a(x) = -x**3 - 4*x**2 - 2*x + 4. Let q be (-3)/((-24)/(-56)) + 12. Suppose -5*v - q = 5*d, -4*d - 4*v = -5*d - 11. What is a(d)?
1
Let x(k) = -2*k - 2. Let n be (21 - 18)/((-6)/8) - -16. Suppose -4*h - 2*z - z = 8, n = -4*h - 2*z. Give x(h).
8
Let k(l) = l. Let w be ((-4)/6)/(6/54). Let t(s) = 3*s - 1. Let m(u) = w*k(u) + t(u). Determine m(-3).
8
Let o be 6157/(-1310) - (-3)/(-10). Suppose -m + 7 = -0*m - 4*v, 1 = -m - 4*v. Let h(j) = -5 - m*j**2 + 4*j**2 - 1 + 6*j. Determine h(o).
-11
Let h(d) = -d**3 + 3*d + 3. Let o = 660 - 655. Suppose -o*j = -0*m + 2*m + 4, -4*m + 2*j - 8 = 0. Determine h(m).
5
Let c(f) = -4*f**3 + 3*f**2 - 10*f - 12. Let p(h) = -5*h**3 - 6*h + 1. Let a(m) = c(m) - p(m). What is a(-3)?
-1
Let c(h) = -7*h - 10 + 80*h**2 - 79*h**2 + 2*h + 2 + 10*h. Let t(n) = 2*n + 6. Let s be t(-6). Give c(s).
-2
Let h(c) = c**2 + 10*c + 13. Let o = 60 - 95. Let a be 260/(-28) + (-10)/o. Give h(a).
4
Let f(p) = 25*p + 17*p + 10*p + 16*p - 13 - 69*p. Let v = -96 + 106. Give f(v).
-23
Let h(p) be the first derivative of p**2/2 - 5*p + 3. Let g(t) = -4*t - 4. Let b be g(-1). Suppose b*n - 12 = 3*n. Determine h(n).
-9
Let m(l) = 50*l + 9. Let v(u) = -11*u - 3. Let a(n) = -2*m(n) - 9*v(n). Determine a(14).
-5
Suppose 99 = 48*o - 37*o. Let a(h) = 15 - h + 8 + 6*h - o*h + 3*h. Determine a(9).
14
Let n(q) = -q + 13. Let t(h) = 1. Let k(w) = -n(w) + 5*t(w). Let d be (-11 + (-420)/(-40))*11/((-55)/(-60)). Give k(d).
-14
Let x be 2/3 + (-195)/(-45). Let n(a) = -a**3 + 6*a**2 - 6*a - 2. Calculate n(x).
-7
Let b(h) = 26*h + 93. Let z(x) = 35*x + 127. Let g(n) = -19*b(n) + 14*z(n). What is g(-13)?
63
Let c(x) = 2*x - 1. Let s(n) = -2*n. Let o(j) = -5*c(j) - 6*s(j). Let w(u) = -16 + 9*u + 2*u + 11*u - 32*u. Let a be w(-2). What is o(a)?
13
Let a(b) = 7*b**2 + 19*b + 9. Let c(i) = 19*i**2 + 55*i + 28. Let q(t) = -8*a(t) + 3*c(t). Let n = -101 + 89. Calculate q(n).
0
Suppose 2 = 5*l + 3*q - 6, l - 12 = 2*q. Let n(m) = 4 + l + m + 6*m**3 - 5*m**3 + 2*m**2 - 4. Give n(-3).
-8
Let w(y) = 133*y - 58. Let g(l) = -55*l + 24. Let n(v) = 29*g(v) + 12*w(v). Calculate n(-16).
-16
Let v = -32 + 74. Let x = v - 39. Let r(z) = 4*z**2 - z - 3. Let p(y) = -3*y**2 + y + 1. Let f(n) = p(n) + r(n). Calculate f(x).
7
Let p(g) be the third derivative of -3*g**4/8 - g**3/3 - 11*g**2. Let f be ((-50)/45)/5 - 225/81. Give p(f).
25
Suppose 57 + 109 - 5 = -291*f - 130. Suppose 5*c - 7 = 3. Let a(x) = x**2 - c*x + 2*x + 4*x**3 - 1. What is a(f)?
-4
Let i be (1572/5240)/((-18)/(-5)). Let b(m) be the second derivative of -m + 1/2*m**2 - 1/3*m**3 + i*m**4 - 1/20*m**5 + 0. What is b(1)?
-1
Let p(m) = -2*m + 0*m + 2 + 8. Let a = -787618 - -787613. Determine p(a).
20
Let f(y) = 3*y + 30. Let s(z) = -z - 15. Let i = 454 + -449. Let j(l) = i*s(l) + 2*f(l). Give j(5).
-10
Let j(x) = x**2 - 4*x - 7. Let l(r) = r**3 - r**2 - r + 11. Let k be l(0). Suppose s + 3*s = 4*c - 20, 0 = 3*c - 5*s - k. Determine j(c).
14
Let t be 3/18 + 4971/(-18). Let d = t + 274. Let a(w) = 5*w**2 - w. What is a(d)?
22
Let l(p) = 2*p + 1413*p**3 - 2825*p**3 + 1409*p**3 + 1. Let z = 1 + -1. Let r be 2 + -2 + (z - 1). Give l(r).
2
Let n(m) = 3*m + 9. Let s(a) = -8*a + 3. Let y be s(1). Let j be y - (-13 - (-5 - -4)). Suppose 4*b + j + 17 = 0. Determine n(b).
-9
Suppose 0*b + 4*b = 0. Let f(d) = -31*d - 4726. Let c(x) = 4*x + 616. Let g(l) = -23*c(l) - 3*f(l). Give g(b).
10
Let v be (6/(-9))/((-2)/6). Let k(o) be the third derivative of 0*o - 227*o**2 - 1/30*o**5 + 0 + 1/12*o**4 - 1/3*o**3. Calculate k(v).
-6
Suppose 2*i - 17 = -5*g, 5*g + 12 = -i + 23. Let x(f) = -f**3 + 7*f**2 + 2*f - 41. Determine x(i).
7
Suppose -7 - 20 = -9*u. Let n(c) = 1 + 0 - 14*c**2 + c + 13*c**2 - u. Give n(4).
-14
Let s(g) = 9*g**2 + 3*g + 298 - 593 + 295 - 4*g. Let p(n) = -n + 2. Let i be p(2). Suppose -4*v - 5*b = -16 - 13, -v - 5*b + 26 = i. Determine s(v).
8
Let q(w) = -w**3 - 2*w**2 + 5*w - 1. Let l be (-48)/(-14) - 4/(-7). Suppose -15*j + 22 = -l*j. Determine q(j).
-7
Suppose 5*x + 849 = 2689. Let n = -380 + x. Let s(f) = -f - 5. Calculate s(n).
7
Suppose 3*s - 9 = 5*m, 0*m - 5*s = 3*m + 19. Let i(h) be the first derivative of h**4/2 + 4*h**3/3 + h + 18324. Calculate i(m).
-17
Let z(m) = -m + 16. Let j be z(16). Let y be j/(-2)*12/36. Suppose -2*x = -4, -5*f + 42 = -y*f - 4*x. Let i(k) = k - 10. Give i(f).
0
Let c(r) be the first derivative of -2/3*r**3 + 15 + 1/180*r**6 + 0*r**2 + 0*r + 0*r**4 + 1/120*r**5. Let d(o) be the third derivative of c(o). What is d(1)?
3
Let j = -23430 - -23422. Let u(p) = 23*p + 187. Give u(j).
3
Let m(t) = -4*t + 11. Suppose 5*y = 9*h + 94, -2*h + 14 = 3*y + 2. Determine m(y).
-21
Suppose -92 = -289*d + 197. Let f(m) = 61*m - 60. Give f(d).
1
Suppose 0 = 4*n - 6*g + g - 92, 5*g = -20. Suppose -23*q + n = -41*q. Let c(u) = -7*u**3 - 2*u**2 - 2*u - 1. Determine c(q).
6
Let k be (-2*1)/(-204 + 206). Let z(m) = 47*m + 45. What is z(k)?
-2
Let o(u) = 46*u**2 + 38*u + 98. Let p(i) = 13*i**2 + 12*i + 33. Let d(k) = 2*o(k) - 7*p(k). Determine d(-3).
-2
Suppose -4 + 1 = 3*v. Let x(o) be the first derivative of 2*o**4 - o**2 - 1/3*o**3 - 82 - o. Give x(v).
-8
Let w(n) = -n**3 - 16*n**2 + 3*n + 9. Let u(b) = b**3 + 18*b**2 - 2*b - 9. Let o(i) = 5*u(i) + 6*w(i). Determine o(-7).
2
Let m(t) = 167 - 51*t - t**2 + 25*t + 9*t + 29*t. Determine m(-8).
7
Let w(q) = 4*q**3 + 3*q**2 - 13*q - 10. Let v(a) = -21*a**3 - 14*a**2 + 72*a + 55. Let k(d) = 2*v(d) + 11*w(d). What is k(-4)?
-52
Let z(p) = -9*p**2 - 2*p + 5. Let h(x) = -9*x**2 - 2*x + 3. Let q(u) = 4*h(u) - 3*z(u). Determine q(-1).
-10
Let z be (24 - 25)/(4 - 3)*(5 - -1). Let h(y) = -8*y**2 - 1 - y**3 + 2*y**2 + 0*y**2. Calculate h(z).
-1
Let y(d) = -53 - 3*d - 38 + 138 - 46. Give y(5).
-14
Let w(z) be the first derivative of -z**3/3 + 7*z**2 - 13*z + 12. Suppose 0 = t + 5*l - 0 + 2, 3*t - 45 = 2*l. Calculate w(t).
0
Let w(y) = 2*y**3 + 4*y**2 + 5*y + 3. Let d(n) = -n**3 + 8*n**2 + 11*n - 3. Let o be d(9). Suppose -32 = o*p + 13. What is w(p)?
-30
Suppose o = 2*c + 2 + 237, 4*o = -4*c - 472. Let x = -121 - c. Let f be 5 - (2 - (1 - x)). Let b(z) = -z + 3. What is b(f)?
-3
Let v(o) = -94*o + 6. Let j be v(2). Let n be (-4)/(-14) + j/(-49). Let i(k) be the first derivative of -k**3/3 + k**2 - 2*k + 1. Give i(n).
-10
Let k(m) = -m**2 + 2*m + 22. Let f be k(-2). Let r(p) = p**3 - 15*p**2 + 13*p + 19. What is r(f)?
5
Let p(w) = 16*w + 104. Let f(m) = -2*m + 5. Let l(a) = -3*f(a) - p(a). Determine l(-12).
1
Let l(h) = -107*h - 850. Let s be l(-8). Let z(p) = -p**2 + 5*p + 10. Give z(s).
4
Suppose 421*d + 506*d = 791*d - 544. Let a